Last updated on 2024-05-08 01:48:14 CEST.
Flavor | Version | Tinstall | Tcheck | Ttotal | Status | Flags |
---|---|---|---|---|---|---|
r-devel-linux-x86_64-debian-clang | 0.3.1 | 4.50 | 93.93 | 98.43 | OK | |
r-devel-linux-x86_64-debian-gcc | 0.3.1 | 3.42 | 52.39 | 55.81 | OK | |
r-devel-linux-x86_64-fedora-clang | 0.3.1 | 123.35 | NOTE | |||
r-devel-linux-x86_64-fedora-gcc | 0.3.1 | 108.30 | NOTE | |||
r-devel-windows-x86_64 | 0.3.1 | 7.00 | 78.00 | 85.00 | OK | |
r-patched-linux-x86_64 | 0.3.1 | 4.50 | 64.85 | 69.35 | OK | |
r-release-linux-x86_64 | 0.3.1 | 4.42 | 66.72 | 71.14 | OK | |
r-release-macos-arm64 | 0.3.1 | 37.00 | OK | |||
r-release-windows-x86_64 | 0.3.1 | 6.00 | 73.00 | 79.00 | OK | |
r-oldrel-macos-arm64 | 0.3.1 | 37.00 | OK | |||
r-oldrel-macos-x86_64 | 0.3.1 | 63.00 | OK | |||
r-oldrel-windows-x86_64 | 0.3.1 | 7.00 | 77.00 | 84.00 | OK |
Version: 0.3.1
Check: dependencies in R code
Result: NOTE
Namespace in Imports field not imported from: ‘mathjaxr’
All declared Imports should be used.
Flavors: r-devel-linux-x86_64-fedora-clang, r-devel-linux-x86_64-fedora-gcc