Last updated on 2024-05-07 17:50:07 CEST.
Flavor | Version | Tinstall | Tcheck | Ttotal | Status | Flags |
---|---|---|---|---|---|---|
r-devel-linux-x86_64-debian-clang | 1.0 | 64.43 | 41.09 | 105.52 | NOTE | |
r-devel-linux-x86_64-debian-gcc | 1.0 | 51.94 | 33.43 | 85.37 | NOTE | |
r-devel-linux-x86_64-fedora-clang | 1.0 | 140.53 | NOTE | |||
r-devel-linux-x86_64-fedora-gcc | 1.0 | 157.05 | NOTE | |||
r-devel-windows-x86_64 | 1.0 | 51.00 | 75.00 | 126.00 | NOTE | |
r-patched-linux-x86_64 | 1.0 | 62.05 | 42.68 | 104.73 | NOTE | |
r-release-linux-x86_64 | 1.0 | 70.98 | 43.13 | 114.11 | NOTE | |
r-release-macos-arm64 | 1.0 | 38.00 | NOTE | |||
r-release-windows-x86_64 | 1.0 | 51.00 | 81.00 | 132.00 | NOTE | |
r-oldrel-macos-arm64 | 1.0 | 46.00 | NOTE | |||
r-oldrel-macos-x86_64 | 1.0 | 67.00 | NOTE | |||
r-oldrel-windows-x86_64 | 1.0 | 60.00 | 86.00 | 146.00 | NOTE |
Version: 1.0
Check: C++ specification
Result: NOTE
Specified C++11: please drop specification unless essential
Flavors: r-devel-linux-x86_64-debian-clang, r-devel-linux-x86_64-debian-gcc, r-devel-linux-x86_64-fedora-clang, r-devel-linux-x86_64-fedora-gcc, r-devel-windows-x86_64, r-patched-linux-x86_64, r-release-linux-x86_64, r-release-macos-arm64, r-release-windows-x86_64, r-oldrel-macos-arm64, r-oldrel-macos-x86_64, r-oldrel-windows-x86_64
Version: 1.0
Check: Rd files
Result: NOTE
checkRd: (-1) maximin.Rd:197: Lost braces
197 | Meinshausen, N and P. B{u}hlmann (2015). Maximin effects in inhomogeneous large-scale data.
| ^
Flavors: r-devel-linux-x86_64-debian-clang, r-devel-linux-x86_64-debian-gcc, r-devel-linux-x86_64-fedora-clang, r-devel-linux-x86_64-fedora-gcc, r-devel-windows-x86_64, r-patched-linux-x86_64, r-release-linux-x86_64, r-release-macos-arm64, r-release-windows-x86_64
Version: 1.0
Check: installed package size
Result: NOTE
installed size is 8.7Mb
sub-directories of 1Mb or more:
libs 8.6Mb
Flavors: r-release-macos-arm64, r-oldrel-macos-arm64, r-oldrel-macos-x86_64