Last updated on 2024-05-07 06:11:36 CEST.
Flavor | Version | Tinstall | Tcheck | Ttotal | Status | Flags |
---|---|---|---|---|---|---|
r-devel-linux-x86_64-debian-clang | 1.0.2 | 43.85 | 92.13 | 135.98 | NOTE | |
r-devel-linux-x86_64-debian-gcc | 1.0.2 | 34.09 | 66.77 | 100.86 | NOTE | |
r-devel-linux-x86_64-fedora-clang | 1.0.2 | 177.24 | NOTE | |||
r-devel-linux-x86_64-fedora-gcc | 1.0.2 | 193.44 | NOTE | |||
r-devel-windows-x86_64 | 1.0.2 | 34.00 | 109.00 | 143.00 | NOTE | |
r-patched-linux-x86_64 | 1.0.2 | 50.58 | 87.87 | 138.45 | NOTE | |
r-release-linux-x86_64 | 1.0.2 | 39.03 | 86.77 | 125.80 | NOTE | |
r-release-macos-arm64 | 1.0.2 | 54.00 | NOTE | |||
r-release-windows-x86_64 | 1.0.2 | 35.00 | 103.00 | 138.00 | NOTE | |
r-oldrel-macos-arm64 | 1.0.2 | 61.00 | NOTE | |||
r-oldrel-macos-x86_64 | 1.0.2 | 94.00 | NOTE | |||
r-oldrel-windows-x86_64 | 1.0.2 | 44.00 | 125.00 | 169.00 | NOTE |
Version: 1.0.2
Check: LazyData
Result: NOTE
'LazyData' is specified without a 'data' directory
Flavors: r-devel-linux-x86_64-debian-clang, r-devel-linux-x86_64-debian-gcc, r-devel-linux-x86_64-fedora-clang, r-devel-linux-x86_64-fedora-gcc, r-devel-windows-x86_64, r-patched-linux-x86_64, r-release-linux-x86_64, r-release-macos-arm64, r-release-windows-x86_64, r-oldrel-macos-arm64, r-oldrel-macos-x86_64, r-oldrel-windows-x86_64