Last updated on 2024-05-07 17:50:09 CEST.
Flavor | Version | Tinstall | Tcheck | Ttotal | Status | Flags |
---|---|---|---|---|---|---|
r-devel-linux-x86_64-debian-clang | 1.1.3 | 20.03 | 97.63 | 117.66 | OK | |
r-devel-linux-x86_64-debian-gcc | 1.1.3 | 17.28 | 72.02 | 89.30 | OK | |
r-devel-linux-x86_64-fedora-clang | 1.1.3 | 155.75 | OK | |||
r-devel-linux-x86_64-fedora-gcc | 1.1.3 | 157.40 | OK | |||
r-devel-windows-x86_64 | 1.1.3 | 23.00 | 85.00 | 108.00 | OK | |
r-patched-linux-x86_64 | 1.1.3 | 18.66 | 92.38 | 111.04 | OK | |
r-release-linux-x86_64 | 1.1.3 | 24.02 | 92.56 | 116.58 | OK | |
r-release-macos-arm64 | 1.1.3 | 54.00 | NOTE | |||
r-release-windows-x86_64 | 1.1.3 | 24.00 | 84.00 | 108.00 | OK | |
r-oldrel-macos-arm64 | 1.1.3 | 64.00 | OK | |||
r-oldrel-macos-x86_64 | 1.1.3 | 83.00 | NOTE | |||
r-oldrel-windows-x86_64 | 1.1.3 | 28.00 | 101.00 | 129.00 | OK |
Version: 1.1.3
Check: installed package size
Result: NOTE
installed size is 5.1Mb
sub-directories of 1Mb or more:
data 4.7Mb
Flavors: r-release-macos-arm64, r-oldrel-macos-x86_64