Last updated on 2024-05-08 01:48:16 CEST.
Flavor | Version | Tinstall | Tcheck | Ttotal | Status | Flags |
---|---|---|---|---|---|---|
r-devel-linux-x86_64-debian-clang | 1.0.2 | 137.23 | 42.91 | 180.14 | OK | |
r-devel-linux-x86_64-debian-gcc | 1.0.2 | 106.87 | 40.08 | 146.95 | OK | |
r-devel-linux-x86_64-fedora-clang | 1.0.2 | 219.35 | OK | |||
r-devel-linux-x86_64-fedora-gcc | 1.0.2 | 271.82 | OK | |||
r-devel-windows-x86_64 | 1.0.2 | 95.00 | 79.00 | 174.00 | OK | |
r-patched-linux-x86_64 | 1.0.2 | 127.92 | 50.21 | 178.13 | OK | |
r-release-linux-x86_64 | 1.0.2 | 127.32 | 50.59 | 177.91 | OK | |
r-release-macos-arm64 | 1.0.2 | 50.00 | NOTE | |||
r-release-windows-x86_64 | 1.0.2 | 96.00 | 80.00 | 176.00 | OK | |
r-oldrel-macos-arm64 | 1.0.2 | 56.00 | NOTE | |||
r-oldrel-macos-x86_64 | 1.0.2 | 89.00 | NOTE | |||
r-oldrel-windows-x86_64 | 1.0.2 | 117.00 | 92.00 | 209.00 | OK |
Version: 1.0.2
Check: installed package size
Result: NOTE
installed size is 28.9Mb
sub-directories of 1Mb or more:
libs 28.7Mb
Flavors: r-release-macos-arm64, r-oldrel-macos-arm64, r-oldrel-macos-x86_64