Last updated on 2024-05-07 21:48:28 CEST.
Flavor | Version | Tinstall | Tcheck | Ttotal | Status | Flags |
---|---|---|---|---|---|---|
r-devel-linux-x86_64-debian-clang | 2.2.1 | 10.79 | 106.09 | 116.88 | NOTE | |
r-devel-linux-x86_64-debian-gcc | 2.2.1 | 9.62 | 75.40 | 85.02 | NOTE | |
r-devel-linux-x86_64-fedora-clang | 2.2.1 | 144.86 | NOTE | |||
r-devel-linux-x86_64-fedora-gcc | 2.2.1 | 138.38 | NOTE | |||
r-devel-windows-x86_64 | 2.2.1 | 11.00 | 90.00 | 101.00 | NOTE | |
r-patched-linux-x86_64 | 2.2.1 | 11.85 | 96.85 | 108.70 | NOTE | |
r-release-linux-x86_64 | 2.2.1 | 11.04 | 97.66 | 108.70 | NOTE | |
r-release-macos-arm64 | 2.2.1 | 41.00 | NOTE | |||
r-release-windows-x86_64 | 2.2.1 | 10.00 | 87.00 | 97.00 | NOTE | |
r-oldrel-macos-arm64 | 2.2.1 | 42.00 | OK | |||
r-oldrel-macos-x86_64 | 2.2.1 | 86.00 | OK | |||
r-oldrel-windows-x86_64 | 2.2.1 | 13.00 | 105.00 | 118.00 | OK |
Version: 2.2.1
Check: Rd files
Result: NOTE
checkRd: (-1) hdda.Rd:121-123: Lost braces in \itemize; meant \describe ?
checkRd: (-1) hdda.Rd:124-127: Lost braces in \itemize; meant \describe ?
checkRd: (-1) hdda.Rd:128-132: Lost braces in \itemize; meant \describe ?
checkRd: (-1) hddc.Rd:162-164: Lost braces in \itemize; meant \describe ?
checkRd: (-1) hddc.Rd:165-168: Lost braces in \itemize; meant \describe ?
Flavors: r-devel-linux-x86_64-debian-clang, r-devel-linux-x86_64-debian-gcc, r-devel-linux-x86_64-fedora-clang, r-devel-linux-x86_64-fedora-gcc, r-devel-windows-x86_64, r-patched-linux-x86_64, r-release-linux-x86_64, r-release-macos-arm64, r-release-windows-x86_64