Last updated on 2024-05-04 13:49:08 CEST.
Flavor | Version | Tinstall | Tcheck | Ttotal | Status | Flags |
---|---|---|---|---|---|---|
r-devel-linux-x86_64-debian-clang | 1.4.1 | 0.68 | 2.41 | 3.09 | ERROR | --no-vignettes |
r-devel-linux-x86_64-debian-gcc | 1.4.1 | 7.65 | 150.13 | 157.78 | NOTE | --no-vignettes |
r-devel-linux-x86_64-fedora-clang | 1.4.1 | 1534.39 | NOTE | |||
r-devel-linux-x86_64-fedora-gcc | 1.4.1 | 1370.87 | NOTE | |||
r-devel-windows-x86_64 | 1.4.1 | 11.00 | 165.00 | 176.00 | NOTE | --no-vignettes |
r-patched-linux-x86_64 | 1.4.1 | 7.92 | 202.10 | 210.02 | NOTE | --no-vignettes |
r-release-linux-x86_64 | 1.4.1 | 5.60 | 195.50 | 201.10 | NOTE | --no-vignettes |
r-release-macos-arm64 | 1.4.1 | 398.00 | NOTE | |||
r-release-macos-x86_64 | 1.4.1 | 911.00 | OK | |||
r-release-windows-x86_64 | 1.4.1 | 10.00 | 189.00 | 199.00 | NOTE | --no-vignettes |
r-oldrel-macos-arm64 | 1.4.1 | 10.00 | ERROR | |||
r-oldrel-macos-x86_64 | 1.4.1 | 8.00 | ERROR | |||
r-oldrel-windows-x86_64 | 1.4.1 | 12.00 | 217.00 | 229.00 | OK | --no-vignettes |
Version: 1.4.1
Flags: --no-vignettes
Check: package dependencies
Result: ERROR
Package required but not available: ‘DESeq2’
See section ‘The DESCRIPTION file’ in the ‘Writing R Extensions’
manual.
Flavor: r-devel-linux-x86_64-debian-clang
Version: 1.4.1
Flags: --no-vignettes
Check: Rd files
Result: NOTE
checkRd: (-1) BD_shift.Rd:67-73: Lost braces in \itemize; meant \describe ?
checkRd: (-1) BD_shift.Rd:74-77: Lost braces in \itemize; meant \describe ?
checkRd: (-1) BD_shift.Rd:78-82: Lost braces in \itemize; meant \describe ?
checkRd: (-1) BD_shift.Rd:83-87: Lost braces in \itemize; meant \describe ?
checkRd: (-1) data-physeq_rep3.Rd:11: Lost braces in \itemize; meant \describe ?
checkRd: (-1) data-physeq_rep3.Rd:12: Lost braces in \itemize; meant \describe ?
checkRd: (-1) data-physeq_rep3.Rd:13: Lost braces in \itemize; meant \describe ?
checkRd: (-1) data-physeq_rep3.Rd:14: Lost braces in \itemize; meant \describe ?
checkRd: (-1) data-physeq_rep3.Rd:15: Lost braces in \itemize; meant \describe ?
checkRd: (-1) data-physeq_rep3.Rd:16: Lost braces in \itemize; meant \describe ?
checkRd: (-1) heavy_SIP.Rd:69-71: Lost braces in \itemize; meant \describe ?
checkRd: (-1) heavy_SIP.Rd:72-75: Lost braces in \itemize; meant \describe ?
checkRd: (-1) heavy_SIP.Rd:76-79: Lost braces in \itemize; meant \describe ?
Flavors: r-devel-linux-x86_64-debian-gcc, r-devel-windows-x86_64, r-patched-linux-x86_64, r-release-linux-x86_64, r-release-windows-x86_64
Version: 1.4.1
Check: dependencies in R code
Result: NOTE
Namespace in Imports field not imported from: ‘igraph’
All declared Imports should be used.
Flavors: r-devel-linux-x86_64-fedora-clang, r-devel-linux-x86_64-fedora-gcc
Version: 1.4.1
Check: Rd files
Result: NOTE
checkRd: (-1) BD_shift.Rd:67-73: Lost braces in \itemize; meant \describe ?
checkRd: (-1) BD_shift.Rd:74-77: Lost braces in \itemize; meant \describe ?
checkRd: (-1) BD_shift.Rd:78-82: Lost braces in \itemize; meant \describe ?
checkRd: (-1) BD_shift.Rd:83-87: Lost braces in \itemize; meant \describe ?
checkRd: (-1) data-physeq_rep3.Rd:11: Lost braces in \itemize; meant \describe ?
checkRd: (-1) data-physeq_rep3.Rd:12: Lost braces in \itemize; meant \describe ?
checkRd: (-1) data-physeq_rep3.Rd:13: Lost braces in \itemize; meant \describe ?
checkRd: (-1) data-physeq_rep3.Rd:14: Lost braces in \itemize; meant \describe ?
checkRd: (-1) data-physeq_rep3.Rd:15: Lost braces in \itemize; meant \describe ?
checkRd: (-1) data-physeq_rep3.Rd:16: Lost braces in \itemize; meant \describe ?
checkRd: (-1) heavy_SIP.Rd:69-71: Lost braces in \itemize; meant \describe ?
checkRd: (-1) heavy_SIP.Rd:72-75: Lost braces in \itemize; meant \describe ?
checkRd: (-1) heavy_SIP.Rd:76-79: Lost braces in \itemize; meant \describe ?
Flavors: r-devel-linux-x86_64-fedora-clang, r-devel-linux-x86_64-fedora-gcc, r-release-macos-arm64
Version: 1.4.1
Check: package dependencies
Result: ERROR
Package required but not available: ‘phyloseq’
See section ‘The DESCRIPTION file’ in the ‘Writing R Extensions’
manual.
Flavors: r-oldrel-macos-arm64, r-oldrel-macos-x86_64