Last updated on 2024-05-07 09:58:56 CEST.
Flavor | Version | Tinstall | Tcheck | Ttotal | Status | Flags |
---|---|---|---|---|---|---|
r-devel-linux-x86_64-debian-clang | 0.1.2 | 0.59 | 2.35 | 2.94 | ERROR | |
r-devel-linux-x86_64-debian-gcc | 0.1.2 | 22.71 | 223.94 | 246.65 | OK | |
r-devel-linux-x86_64-fedora-clang | 0.1.2 | 452.07 | OK | |||
r-devel-linux-x86_64-fedora-gcc | 0.1.2 | 544.40 | OK | |||
r-devel-windows-x86_64 | 0.1.2 | 27.00 | 211.00 | 238.00 | OK | |
r-patched-linux-x86_64 | 0.1.2 | 19.25 | 289.43 | 308.68 | OK | |
r-release-linux-x86_64 | 0.1.2 | 20.75 | 280.76 | 301.51 | ERROR | |
r-release-macos-arm64 | 0.1.2 | 119.00 | OK | |||
r-release-macos-x86_64 | 0.1.2 | 247.00 | OK | |||
r-release-windows-x86_64 | 0.1.2 | 27.00 | 211.00 | 238.00 | OK | |
r-oldrel-macos-arm64 | 0.1.2 | 123.00 | OK | |||
r-oldrel-macos-x86_64 | 0.1.2 | 221.00 | OK | |||
r-oldrel-windows-x86_64 | 0.1.2 | 35.00 | 279.00 | 314.00 | OK |
Version: 0.1.2
Check: package dependencies
Result: ERROR
Packages required but not available: 'graphite', 'org.Hs.eg.db'
See section ‘The DESCRIPTION file’ in the ‘Writing R Extensions’
manual.
Flavor: r-devel-linux-x86_64-debian-clang
Version: 0.1.2
Check: re-building of vignette outputs
Result: ERROR
Error(s) in re-building vignettes:
...
--- re-building ‘ICDS.Rmd’ using rmarkdown
Quitting from lines at lines 150-156 [unnamed-chunk-12] (ICDS.Rmd)
Error: processing vignette 'ICDS.Rmd' failed with diagnostics:
cannot download pathway data: are you offline?
--- failed re-building ‘ICDS.Rmd’
SUMMARY: processing the following file failed:
‘ICDS.Rmd’
Error: Vignette re-building failed.
Execution halted
Flavor: r-release-linux-x86_64