Last updated on 2024-05-07 21:48:29 CEST.
Flavor | Version | Tinstall | Tcheck | Ttotal | Status | Flags |
---|---|---|---|---|---|---|
r-devel-linux-x86_64-debian-clang | 2.1 | 7.66 | 79.14 | 86.80 | OK | |
r-devel-linux-x86_64-debian-gcc | 2.1 | 5.62 | 58.44 | 64.06 | OK | |
r-devel-linux-x86_64-fedora-clang | 2.1 | 107.08 | NOTE | |||
r-devel-linux-x86_64-fedora-gcc | 2.1 | 172.02 | NOTE | |||
r-devel-windows-x86_64 | 2.1 | 8.00 | 92.00 | 100.00 | OK | |
r-patched-linux-x86_64 | 2.1 | 8.39 | 74.26 | 82.65 | OK | |
r-release-linux-x86_64 | 2.1 | 6.95 | 72.56 | 79.51 | OK | |
r-release-macos-arm64 | 2.1 | 39.00 | OK | |||
r-release-windows-x86_64 | 2.1 | 9.00 | 91.00 | 100.00 | OK | |
r-oldrel-macos-arm64 | 2.1 | 40.00 | OK | |||
r-oldrel-macos-x86_64 | 2.1 | 56.00 | OK | |||
r-oldrel-windows-x86_64 | 2.1 | 10.00 | 99.00 | 109.00 | OK |
Version: 2.1
Check: dependencies in R code
Result: NOTE
Namespace in Imports field not imported from: ‘kableExtra’
All declared Imports should be used.
Flavors: r-devel-linux-x86_64-fedora-clang, r-devel-linux-x86_64-fedora-gcc