Last updated on 2024-05-07 17:50:09 CEST.
Flavor | Version | Tinstall | Tcheck | Ttotal | Status | Flags |
---|---|---|---|---|---|---|
r-devel-linux-x86_64-debian-clang | 1.0.0 | 10.13 | 340.61 | 350.74 | OK | |
r-devel-linux-x86_64-debian-gcc | 1.0.0 | 6.62 | 265.03 | 271.65 | OK | |
r-devel-linux-x86_64-fedora-clang | 1.0.0 | 436.27 | NOTE | |||
r-devel-linux-x86_64-fedora-gcc | 1.0.0 | 531.47 | NOTE | |||
r-devel-windows-x86_64 | 1.0.0 | 8.00 | 360.00 | 368.00 | OK | |
r-patched-linux-x86_64 | 1.0.0 | 5.51 | 352.15 | 357.66 | OK | |
r-release-linux-x86_64 | 1.0.0 | 7.93 | 342.31 | 350.24 | OK | |
r-release-macos-arm64 | 1.0.0 | 164.00 | OK | |||
r-release-windows-x86_64 | 1.0.0 | 8.00 | 351.00 | 359.00 | OK | |
r-oldrel-macos-arm64 | 1.0.0 | 187.00 | OK | |||
r-oldrel-macos-x86_64 | 1.0.0 | 359.00 | OK | |||
r-oldrel-windows-x86_64 | 1.0.0 | 11.00 | 360.00 | 371.00 | OK |
Version: 1.0.0
Check: dependencies in R code
Result: NOTE
Namespaces in Imports field not imported from:
‘lme4’ ‘reshape2’
All declared Imports should be used.
Flavors: r-devel-linux-x86_64-fedora-clang, r-devel-linux-x86_64-fedora-gcc