Last updated on 2024-05-08 01:48:19 CEST.
Flavor | Version | Tinstall | Tcheck | Ttotal | Status | Flags |
---|---|---|---|---|---|---|
r-devel-linux-x86_64-debian-clang | 1.0.1 | 2.97 | 48.82 | 51.79 | OK | |
r-devel-linux-x86_64-debian-gcc | 1.0.1 | 2.02 | 37.34 | 39.36 | OK | |
r-devel-linux-x86_64-fedora-clang | 1.0.1 | 70.66 | NOTE | |||
r-devel-linux-x86_64-fedora-gcc | 1.0.1 | 88.67 | NOTE | |||
r-devel-windows-x86_64 | 1.0.1 | 5.00 | 61.00 | 66.00 | OK | |
r-patched-linux-x86_64 | 1.0.1 | 3.02 | 46.24 | 49.26 | OK | |
r-release-linux-x86_64 | 1.0.1 | 2.20 | 47.67 | 49.87 | OK | |
r-release-macos-arm64 | 1.0.1 | 29.00 | OK | |||
r-release-windows-x86_64 | 1.0.1 | 6.00 | 61.00 | 67.00 | OK | |
r-oldrel-macos-arm64 | 1.0.1 | 32.00 | OK | |||
r-oldrel-macos-x86_64 | 1.0.1 | 46.00 | OK | |||
r-oldrel-windows-x86_64 | 1.0.1 | 6.00 | 65.00 | 71.00 | OK |
Version: 1.0.1
Check: dependencies in R code
Result: NOTE
Namespaces in Imports field not imported from:
‘ConfusionTableR’ ‘OddsPlotty’ ‘caret’ ‘dplyr’ ‘ggplot2’ ‘parsnip’
‘ranger’ ‘recipes’ ‘rsample’ ‘varhandle’ ‘workflows’
All declared Imports should be used.
Flavors: r-devel-linux-x86_64-fedora-clang, r-devel-linux-x86_64-fedora-gcc