Last updated on 2024-05-07 09:59:00 CEST.
Flavor | Version | Tinstall | Tcheck | Ttotal | Status | Flags |
---|---|---|---|---|---|---|
r-devel-linux-x86_64-debian-clang | 1.0.0 | 2.72 | 73.18 | 75.90 | NOTE | |
r-devel-linux-x86_64-debian-gcc | 1.0.0 | 2.93 | 52.63 | 55.56 | NOTE | |
r-devel-linux-x86_64-fedora-clang | 1.0.0 | 94.72 | NOTE | |||
r-devel-linux-x86_64-fedora-gcc | 1.0.0 | 165.90 | NOTE | |||
r-devel-windows-x86_64 | 1.0.0 | 4.00 | 69.00 | 73.00 | NOTE | |
r-patched-linux-x86_64 | 1.0.0 | 3.69 | 67.88 | 71.57 | NOTE | |
r-release-linux-x86_64 | 1.0.0 | 2.31 | 69.47 | 71.78 | NOTE | |
r-release-macos-arm64 | 1.0.0 | 33.00 | NOTE | |||
r-release-windows-x86_64 | 1.0.0 | 4.00 | 68.00 | 72.00 | NOTE | |
r-oldrel-macos-arm64 | 1.0.0 | 33.00 | NOTE | |||
r-oldrel-macos-x86_64 | 1.0.0 | 57.00 | NOTE | |||
r-oldrel-windows-x86_64 | 1.0.0 | 5.00 | 79.00 | 84.00 | NOTE |
Version: 1.0.0
Check: Rd files
Result: NOTE
checkRd: (-1) MMD_attr.Rd:62: Lost braces; missing escapes or markup?
62 | \item Probability of attribution of each unknown individual to each source $p_{u,s}$
| ^
Flavors: r-devel-linux-x86_64-debian-clang, r-devel-linux-x86_64-debian-gcc, r-devel-linux-x86_64-fedora-clang, r-devel-linux-x86_64-fedora-gcc, r-devel-windows-x86_64, r-patched-linux-x86_64, r-release-linux-x86_64, r-release-macos-arm64, r-release-windows-x86_64
Version: 1.0.0
Check: LazyData
Result: NOTE
'LazyData' is specified without a 'data' directory
Flavors: r-devel-linux-x86_64-debian-clang, r-devel-linux-x86_64-debian-gcc, r-devel-linux-x86_64-fedora-clang, r-devel-linux-x86_64-fedora-gcc, r-devel-windows-x86_64, r-patched-linux-x86_64, r-release-linux-x86_64, r-release-macos-arm64, r-release-windows-x86_64, r-oldrel-macos-arm64, r-oldrel-macos-x86_64, r-oldrel-windows-x86_64