Last updated on 2024-05-07 17:50:12 CEST.
Flavor | Version | Tinstall | Tcheck | Ttotal | Status | Flags |
---|---|---|---|---|---|---|
r-devel-linux-x86_64-debian-clang | 0.8.15 | 4.63 | 38.90 | 43.53 | OK | |
r-devel-linux-x86_64-debian-gcc | 0.8.15 | 3.78 | 29.70 | 33.48 | OK | |
r-devel-linux-x86_64-fedora-clang | 0.8.15 | 55.09 | NOTE | |||
r-devel-linux-x86_64-fedora-gcc | 0.8.15 | 75.25 | OK | |||
r-devel-windows-x86_64 | 0.8.15 | 6.00 | 58.00 | 64.00 | OK | |
r-patched-linux-x86_64 | 0.8.15 | 4.25 | 37.15 | 41.40 | OK | |
r-release-linux-x86_64 | 0.8.15 | 2.99 | 38.07 | 41.06 | OK | |
r-release-macos-arm64 | 0.8.15 | 21.00 | OK | |||
r-release-windows-x86_64 | 0.8.15 | 5.00 | 51.00 | 56.00 | OK | |
r-oldrel-macos-arm64 | 0.8.15 | 26.00 | OK | |||
r-oldrel-macos-x86_64 | 0.8.15 | 45.00 | OK | |||
r-oldrel-windows-x86_64 | 0.8.15 | 7.00 | 54.00 | 61.00 | OK |
Version: 0.8.15
Check: Rd cross-references
Result: NOTE
Undeclared package ‘tibble’ in Rd xrefs
Flavor: r-devel-linux-x86_64-fedora-clang