Last updated on 2024-05-07 09:59:05 CEST.
Flavor | Version | Tinstall | Tcheck | Ttotal | Status | Flags |
---|---|---|---|---|---|---|
r-devel-linux-x86_64-debian-clang | 0.2.0 | 8.77 | 50.45 | 59.22 | OK | |
r-devel-linux-x86_64-debian-gcc | 0.2.0 | 6.40 | 38.03 | 44.43 | OK | |
r-devel-linux-x86_64-fedora-clang | 0.2.0 | 72.66 | NOTE | |||
r-devel-linux-x86_64-fedora-gcc | 0.2.0 | 104.17 | NOTE | |||
r-devel-windows-x86_64 | 0.2.0 | 9.00 | 58.00 | 67.00 | OK | |
r-patched-linux-x86_64 | 0.2.0 | 8.48 | 47.21 | 55.69 | OK | |
r-release-linux-x86_64 | 0.2.0 | 8.87 | 47.37 | 56.24 | OK | |
r-release-macos-arm64 | 0.2.0 | 27.00 | NOTE | |||
r-release-windows-x86_64 | 0.2.0 | 10.00 | 58.00 | 68.00 | OK | |
r-oldrel-macos-arm64 | 0.2.0 | 27.00 | NOTE | |||
r-oldrel-macos-x86_64 | 0.2.0 | 40.00 | NOTE | |||
r-oldrel-windows-x86_64 | 0.2.0 | 11.00 | 63.00 | 74.00 | OK |
Version: 0.2.0
Check: data for non-ASCII characters
Result: NOTE
Note: found 26 marked Latin-1 strings
Flavors: r-devel-linux-x86_64-fedora-clang, r-devel-linux-x86_64-fedora-gcc
Version: 0.2.0
Check: installed package size
Result: NOTE
installed size is 5.0Mb
sub-directories of 1Mb or more:
data 4.9Mb
Flavors: r-release-macos-arm64, r-oldrel-macos-arm64, r-oldrel-macos-x86_64