Last updated on 2024-05-07 09:59:05 CEST.
Flavor | Version | Tinstall | Tcheck | Ttotal | Status | Flags |
---|---|---|---|---|---|---|
r-devel-linux-x86_64-debian-clang | 1.0.2 | 21.11 | 153.83 | 174.94 | OK | |
r-devel-linux-x86_64-debian-gcc | 1.0.2 | 15.06 | 112.19 | 127.25 | OK | |
r-devel-linux-x86_64-fedora-clang | 1.0.2 | 224.85 | NOTE | |||
r-devel-linux-x86_64-fedora-gcc | 1.0.2 | 271.15 | OK | |||
r-devel-windows-x86_64 | 1.0.2 | 17.00 | 116.00 | 133.00 | OK | |
r-patched-linux-x86_64 | 1.0.2 | 16.68 | 142.65 | 159.33 | OK | |
r-release-linux-x86_64 | 1.0.2 | 17.30 | 143.93 | 161.23 | OK | |
r-release-macos-arm64 | 1.0.2 | 65.00 | OK | |||
r-release-windows-x86_64 | 1.0.2 | 18.00 | 119.00 | 137.00 | OK | |
r-oldrel-macos-arm64 | 1.0.2 | 61.00 | OK | |||
r-oldrel-macos-x86_64 | 1.0.2 | 167.00 | OK | |||
r-oldrel-windows-x86_64 | 1.0.2 | 22.00 | 145.00 | 167.00 | OK |
Version: 1.0.2
Check: package dependencies
Result: NOTE
Imports includes 21 non-default packages.
Importing from so many packages makes the package vulnerable to any of
them becoming unavailable. Move as many as possible to Suggests and
use conditionally.
Flavor: r-devel-linux-x86_64-fedora-clang