Last updated on 2024-05-02 21:52:51 CEST.
Flavor | Version | Tinstall | Tcheck | Ttotal | Status | Flags |
---|---|---|---|---|---|---|
r-devel-linux-x86_64-debian-clang | 1.0.0 | 6.72 | 50.06 | 56.78 | OK | |
r-devel-linux-x86_64-debian-gcc | 1.0.0 | 6.24 | 37.98 | 44.22 | OK | |
r-devel-linux-x86_64-fedora-clang | 1.0.0 | 73.37 | NOTE | |||
r-devel-linux-x86_64-fedora-gcc | 1.0.0 | 82.00 | NOTE | |||
r-devel-windows-x86_64 | 1.0.0 | 8.00 | 60.00 | 68.00 | OK | |
r-patched-linux-x86_64 | 1.0.0 | 8.00 | 47.44 | 55.44 | OK | |
r-release-linux-x86_64 | 1.0.0 | 7.06 | 47.18 | 54.24 | OK | |
r-release-macos-arm64 | 1.0.0 | 29.00 | OK | |||
r-release-windows-x86_64 | 1.0.0 | 8.00 | 58.00 | 66.00 | OK | |
r-oldrel-macos-arm64 | 1.0.0 | 33.00 | OK | |||
r-oldrel-macos-x86_64 | 1.0.0 | 48.00 | OK | |||
r-oldrel-windows-x86_64 | 1.0.0 | 9.00 | 64.00 | 73.00 | OK |
Version: 1.0.0
Check: dependencies in R code
Result: NOTE
Namespace in Imports field not imported from: ‘stats’
All declared Imports should be used.
Flavors: r-devel-linux-x86_64-fedora-clang, r-devel-linux-x86_64-fedora-gcc