Last updated on 2024-05-08 01:48:22 CEST.
Flavor | Version | Tinstall | Tcheck | Ttotal | Status | Flags |
---|---|---|---|---|---|---|
r-devel-linux-x86_64-debian-clang | 1.0 | 4.01 | 28.77 | 32.78 | OK | |
r-devel-linux-x86_64-debian-gcc | 1.0 | 2.70 | 22.29 | 24.99 | OK | |
r-devel-linux-x86_64-fedora-clang | 1.0 | 40.82 | NOTE | |||
r-devel-linux-x86_64-fedora-gcc | 1.0 | 43.90 | NOTE | |||
r-devel-windows-x86_64 | 1.0 | 4.00 | 43.00 | 47.00 | OK | |
r-patched-linux-x86_64 | 1.0 | 3.05 | 28.39 | 31.44 | OK | |
r-release-linux-x86_64 | 1.0 | 3.25 | 28.10 | 31.35 | OK | |
r-release-macos-arm64 | 1.0 | 16.00 | OK | |||
r-release-windows-x86_64 | 1.0 | 4.00 | 41.00 | 45.00 | OK | |
r-oldrel-macos-arm64 | 1.0 | 17.00 | OK | |||
r-oldrel-macos-x86_64 | 1.0 | 22.00 | OK | |||
r-oldrel-windows-x86_64 | 1.0 | 5.00 | 43.00 | 48.00 | OK |
Version: 1.0
Check: data for non-ASCII characters
Result: NOTE
Note: found 1 marked UTF-8 string
Flavors: r-devel-linux-x86_64-fedora-clang, r-devel-linux-x86_64-fedora-gcc