Last updated on 2024-05-07 21:48:37 CEST.
Flavor | Version | Tinstall | Tcheck | Ttotal | Status | Flags |
---|---|---|---|---|---|---|
r-devel-linux-x86_64-debian-clang | 3.7.0 | 5.56 | 68.14 | 73.70 | NOTE | |
r-devel-linux-x86_64-debian-gcc | 3.7.0 | 4.17 | 48.84 | 53.01 | NOTE | |
r-devel-linux-x86_64-fedora-clang | 3.7.0 | 89.85 | NOTE | |||
r-devel-linux-x86_64-fedora-gcc | 3.7.0 | 97.03 | NOTE | |||
r-devel-windows-x86_64 | 3.7.0 | 6.00 | 3019.00 | 3025.00 | NOTE | |
r-patched-linux-x86_64 | 3.7.0 | 7.28 | 63.42 | 70.70 | NOTE | |
r-release-linux-x86_64 | 3.7.0 | 5.07 | 64.95 | 70.02 | NOTE | |
r-release-macos-arm64 | 3.7.0 | 30.00 | NOTE | |||
r-release-windows-x86_64 | 3.7.0 | 6.00 | 2368.00 | 2374.00 | NOTE | |
r-oldrel-macos-arm64 | 3.7.0 | 30.00 | OK | |||
r-oldrel-macos-x86_64 | 3.7.0 | 51.00 | OK | |||
r-oldrel-windows-x86_64 | 3.7.0 | 7.00 | 1527.00 | 1534.00 | OK |
Version: 3.7.0
Check: Rd files
Result: NOTE
checkRd: (-1) setOption.Matlab.Rd:37-39: Lost braces in \itemize; meant \describe ?
checkRd: (-1) setOption.Matlab.Rd:40-41: Lost braces in \itemize; meant \describe ?
Flavors: r-devel-linux-x86_64-debian-clang, r-devel-linux-x86_64-debian-gcc, r-devel-linux-x86_64-fedora-clang, r-devel-linux-x86_64-fedora-gcc, r-devel-windows-x86_64, r-patched-linux-x86_64, r-release-linux-x86_64, r-release-macos-arm64, r-release-windows-x86_64