Last updated on 2024-05-07 13:52:03 CEST.
Flavor | Version | Tinstall | Tcheck | Ttotal | Status | Flags |
---|---|---|---|---|---|---|
r-devel-linux-x86_64-debian-clang | 0.2.4 | 5.08 | 50.22 | 55.30 | OK | |
r-devel-linux-x86_64-debian-gcc | 0.2.4 | 4.86 | 36.38 | 41.24 | OK | |
r-devel-linux-x86_64-fedora-clang | 0.2.4 | 68.10 | NOTE | |||
r-devel-linux-x86_64-fedora-gcc | 0.2.4 | 124.43 | OK | |||
r-devel-windows-x86_64 | 0.2.4 | 6.00 | 54.00 | 60.00 | OK | |
r-patched-linux-x86_64 | 0.2.4 | 6.89 | 46.42 | 53.31 | OK | |
r-release-linux-x86_64 | 0.2.4 | 5.23 | 46.15 | 51.38 | OK | |
r-release-macos-arm64 | 0.2.4 | 20.00 | OK | |||
r-release-windows-x86_64 | 0.2.4 | 6.00 | 53.00 | 59.00 | OK | |
r-oldrel-macos-arm64 | 0.2.4 | 21.00 | OK | |||
r-oldrel-macos-x86_64 | 0.2.4 | 38.00 | OK | |||
r-oldrel-windows-x86_64 | 0.2.4 | 6.00 | 59.00 | 65.00 | OK |
Version: 0.2.4
Check: Rd cross-references
Result: NOTE
Undeclared package ‘DBI’ in Rd xrefs
Flavor: r-devel-linux-x86_64-fedora-clang