Last updated on 2024-05-07 06:11:49 CEST.
Flavor | Version | Tinstall | Tcheck | Ttotal | Status | Flags |
---|---|---|---|---|---|---|
r-devel-linux-x86_64-debian-clang | 1.0-11 | 6.28 | 164.14 | 170.42 | NOTE | |
r-devel-linux-x86_64-debian-gcc | 1.0-11 | 4.21 | 122.90 | 127.11 | NOTE | |
r-devel-linux-x86_64-fedora-clang | 1.0-11 | 199.93 | NOTE | |||
r-devel-linux-x86_64-fedora-gcc | 1.0-11 | 233.06 | NOTE | |||
r-devel-windows-x86_64 | 1.0-11 | 6.00 | 126.00 | 132.00 | NOTE | |
r-patched-linux-x86_64 | 1.0-11 | 4.56 | 157.19 | 161.75 | NOTE | |
r-release-linux-x86_64 | 1.0-11 | 5.83 | 156.73 | 162.56 | NOTE | |
r-release-macos-arm64 | 1.0-11 | 57.00 | NOTE | |||
r-release-windows-x86_64 | 1.0-11 | 6.00 | 127.00 | 133.00 | NOTE | |
r-oldrel-macos-arm64 | 1.0-11 | 52.00 | NOTE | |||
r-oldrel-macos-x86_64 | 1.0-11 | 93.00 | NOTE | |||
r-oldrel-windows-x86_64 | 1.0-11 | 8.00 | 159.00 | 167.00 | NOTE |
Version: 1.0-11
Check: Rd files
Result: NOTE
checkRd: (-1) performance.Rd:35: Escaped LaTeX specials: \#
checkRd: (-1) performance.Rd:36: Escaped LaTeX specials: \# \# \#
checkRd: (-1) performance.Rd:37: Escaped LaTeX specials: \# \#
Flavors: r-devel-linux-x86_64-debian-clang, r-devel-linux-x86_64-debian-gcc, r-devel-linux-x86_64-fedora-clang, r-devel-linux-x86_64-fedora-gcc, r-devel-windows-x86_64, r-patched-linux-x86_64, r-release-linux-x86_64, r-release-macos-arm64, r-release-windows-x86_64, r-oldrel-macos-arm64, r-oldrel-macos-x86_64, r-oldrel-windows-x86_64