Last updated on 2024-05-04 13:49:19 CEST.
Flavor | Version | Tinstall | Tcheck | Ttotal | Status | Flags |
---|---|---|---|---|---|---|
r-devel-linux-x86_64-debian-clang | 0.10.6 | 17.05 | 104.32 | 121.37 | OK | |
r-devel-linux-x86_64-debian-gcc | 0.10.6 | 12.22 | 76.12 | 88.34 | OK | |
r-devel-linux-x86_64-fedora-clang | 0.10.6 | 152.09 | OK | |||
r-devel-linux-x86_64-fedora-gcc | 0.10.6 | 143.42 | OK | |||
r-devel-windows-x86_64 | 0.10.6 | 13.00 | 85.00 | 98.00 | OK | |
r-patched-linux-x86_64 | 0.10.6 | 20.21 | 100.61 | 120.82 | OK | |
r-release-linux-x86_64 | 0.10.6 | 16.10 | 101.25 | 117.35 | OK | |
r-release-macos-arm64 | 0.10.6 | 54.00 | OK | |||
r-release-windows-x86_64 | 0.10.6 | 12.00 | 85.00 | 97.00 | OK | |
r-oldrel-macos-arm64 | 0.10.6 | 45.00 | OK | |||
r-oldrel-macos-x86_64 | 0.10.6 | 75.00 | NOTE | |||
r-oldrel-windows-x86_64 | 0.10.6 | 15.00 | 98.00 | 113.00 | OK |
Version: 0.10.6
Check: package dependencies
Result: NOTE
Packages suggested but not available for checking: 'fields', 'qgraph'
Flavor: r-oldrel-macos-x86_64