Last updated on 2024-05-03 05:53:21 CEST.
Flavor | Version | Tinstall | Tcheck | Ttotal | Status | Flags |
---|---|---|---|---|---|---|
r-devel-linux-x86_64-debian-clang | 0.2.1 | 3.05 | 51.85 | 54.90 | OK | |
r-devel-linux-x86_64-debian-gcc | 0.2.1 | 3.37 | 38.14 | 41.51 | OK | |
r-devel-linux-x86_64-fedora-clang | 0.2.1 | 69.11 | NOTE | |||
r-devel-linux-x86_64-fedora-gcc | 0.2.1 | 66.69 | NOTE | |||
r-devel-windows-x86_64 | 0.2.1 | 6.00 | 71.00 | 77.00 | OK | |
r-patched-linux-x86_64 | 0.2.1 | 4.26 | 49.48 | 53.74 | OK | |
r-release-linux-x86_64 | 0.2.1 | 4.72 | 49.39 | 54.11 | OK | |
r-release-macos-arm64 | 0.2.1 | 23.00 | OK | |||
r-release-windows-x86_64 | 0.2.1 | 7.00 | 68.00 | 75.00 | OK | |
r-oldrel-macos-arm64 | 0.2.1 | 26.00 | OK | |||
r-oldrel-macos-x86_64 | 0.2.1 | 37.00 | OK | |||
r-oldrel-windows-x86_64 | 0.2.1 | 8.00 | 78.00 | 86.00 | OK |
Version: 0.2.1
Check: dependencies in R code
Result: NOTE
Namespace in Imports field not imported from: ‘mc2d’
All declared Imports should be used.
Flavors: r-devel-linux-x86_64-fedora-clang, r-devel-linux-x86_64-fedora-gcc