Last updated on 2024-05-07 21:48:39 CEST.
Flavor | Version | Tinstall | Tcheck | Ttotal | Status | Flags |
---|---|---|---|---|---|---|
r-devel-linux-x86_64-debian-clang | 0.2.1 | 113.30 | 29.45 | 142.75 | NOTE | |
r-devel-linux-x86_64-debian-gcc | 0.2.1 | 89.99 | 25.04 | 115.03 | NOTE | |
r-devel-linux-x86_64-fedora-clang | 0.2.1 | 214.20 | NOTE | |||
r-devel-linux-x86_64-fedora-gcc | 0.2.1 | 293.74 | NOTE | |||
r-devel-windows-x86_64 | 0.2.1 | 89.00 | 69.00 | 158.00 | NOTE | |
r-patched-linux-x86_64 | 0.2.1 | 121.19 | 31.38 | 152.57 | NOTE | |
r-release-linux-x86_64 | 0.2.1 | 117.62 | 31.96 | 149.58 | NOTE | |
r-release-macos-arm64 | 0.2.1 | 42.00 | NOTE | |||
r-release-windows-x86_64 | 0.2.1 | 85.00 | 69.00 | 154.00 | NOTE | |
r-oldrel-macos-arm64 | 0.2.1 | 65.00 | NOTE | |||
r-oldrel-macos-x86_64 | 0.2.1 | 84.00 | NOTE | |||
r-oldrel-windows-x86_64 | 0.2.1 | 110.00 | 77.00 | 187.00 | OK |
Version: 0.2.1
Check: Rd files
Result: NOTE
checkRd: (-1) ZigZagLogistic.Rd:11: Lost braces; missing escapes or markup?
11 | \item{dataX}{Design matrix containing observations of the independent variables x. The i-th row represents the i-th observation with components x_{i,1}, ..., x_{i,d}.}
| ^
checkRd: (-1) ZigZagLogistic.Rd:11: Lost braces; missing escapes or markup?
11 | \item{dataX}{Design matrix containing observations of the independent variables x. The i-th row represents the i-th observation with components x_{i,1}, ..., x_{i,d}.}
| ^
checkRd: (-1) ZigZagLogistic.Rd:13: Lost braces; missing escapes or markup?
13 | \item{dataY}{Vector of length n containing {0, 1}-valued observations of the dependent variable y.}
| ^
Flavors: r-devel-linux-x86_64-debian-clang, r-devel-linux-x86_64-debian-gcc, r-devel-linux-x86_64-fedora-clang, r-devel-linux-x86_64-fedora-gcc, r-devel-windows-x86_64, r-patched-linux-x86_64, r-release-linux-x86_64, r-release-macos-arm64, r-release-windows-x86_64
Version: 0.2.1
Check: installed package size
Result: NOTE
installed size is 15.5Mb
sub-directories of 1Mb or more:
libs 15.4Mb
Flavors: r-release-macos-arm64, r-oldrel-macos-arm64, r-oldrel-macos-x86_64