Last updated on 2024-05-07 09:59:06 CEST.
Flavor | Version | Tinstall | Tcheck | Ttotal | Status | Flags |
---|---|---|---|---|---|---|
r-devel-linux-x86_64-debian-clang | 1.4.0 | 6.59 | 194.81 | 201.40 | NOTE | |
r-devel-linux-x86_64-debian-gcc | 1.4.0 | 5.15 | 151.93 | 157.08 | OK | |
r-devel-linux-x86_64-fedora-clang | 1.4.0 | 284.00 | OK | |||
r-devel-linux-x86_64-fedora-gcc | 1.4.0 | 324.37 | OK | |||
r-devel-windows-x86_64 | 1.4.0 | 7.00 | 186.00 | 193.00 | OK | |
r-patched-linux-x86_64 | 1.4.0 | 8.19 | 196.33 | 204.52 | OK | |
r-release-linux-x86_64 | 1.4.0 | 5.80 | 191.15 | 196.95 | OK | |
r-release-macos-arm64 | 1.4.0 | 74.00 | OK | |||
r-release-macos-x86_64 | 1.4.0 | 220.00 | OK | |||
r-release-windows-x86_64 | 1.4.0 | 7.00 | 183.00 | 190.00 | OK | |
r-oldrel-macos-arm64 | 1.4.0 | 83.00 | NOTE | |||
r-oldrel-macos-x86_64 | 1.4.0 | 210.00 | NOTE | |||
r-oldrel-windows-x86_64 | 1.4.0 | 8.00 | 222.00 | 230.00 | OK |
Version: 1.4.0
Check: package dependencies
Result: NOTE
Package suggested but not available for checking: ‘Spectra’
Flavors: r-devel-linux-x86_64-debian-clang, r-oldrel-macos-arm64, r-oldrel-macos-x86_64