Last updated on 2024-05-08 01:48:24 CEST.
Flavor | Version | Tinstall | Tcheck | Ttotal | Status | Flags |
---|---|---|---|---|---|---|
r-devel-linux-x86_64-debian-clang | 0.2.12 | 48.71 | 30.38 | 79.09 | NOTE | |
r-devel-linux-x86_64-debian-gcc | 0.2.12 | 37.17 | 23.91 | 61.08 | NOTE | |
r-devel-linux-x86_64-fedora-clang | 0.2.12 | 131.48 | NOTE | |||
r-devel-linux-x86_64-fedora-gcc | 0.2.12 | 163.69 | NOTE | |||
r-devel-windows-x86_64 | 0.2.12 | 41.00 | 90.00 | 131.00 | NOTE | |
r-patched-linux-x86_64 | 0.2.12 | 49.70 | 28.84 | 78.54 | NOTE | |
r-release-linux-x86_64 | 0.2.12 | 45.73 | 29.26 | 74.99 | NOTE | |
r-release-macos-arm64 | 0.2.12 | 29.00 | NOTE | |||
r-release-windows-x86_64 | 0.2.12 | 44.00 | 74.00 | 118.00 | NOTE | |
r-oldrel-macos-arm64 | 0.2.12 | 34.00 | NOTE | |||
r-oldrel-macos-x86_64 | 0.2.12 | 53.00 | NOTE | |||
r-oldrel-windows-x86_64 | 0.2.12 | 39.00 | 104.00 | 143.00 | NOTE |
Version: 0.2.12
Check: C++ specification
Result: NOTE
Specified C++11: please drop specification unless essential
Flavors: r-devel-linux-x86_64-debian-clang, r-devel-linux-x86_64-debian-gcc, r-devel-linux-x86_64-fedora-clang, r-devel-linux-x86_64-fedora-gcc, r-devel-windows-x86_64, r-patched-linux-x86_64, r-release-linux-x86_64, r-release-macos-arm64, r-release-windows-x86_64, r-oldrel-macos-arm64, r-oldrel-macos-x86_64, r-oldrel-windows-x86_64