Last updated on 2024-05-07 21:48:37 CEST.
Flavor | Version | Tinstall | Tcheck | Ttotal | Status | Flags |
---|---|---|---|---|---|---|
r-devel-linux-x86_64-debian-clang | 0.0.3 | 22.94 | 26.85 | 49.79 | OK | |
r-devel-linux-x86_64-debian-gcc | 0.0.3 | 17.04 | 20.69 | 37.73 | OK | |
r-devel-linux-x86_64-fedora-clang | 0.0.3 | 67.71 | NOTE | |||
r-devel-linux-x86_64-fedora-gcc | 0.0.3 | 111.51 | NOTE | |||
r-patched-linux-x86_64 | 0.0.3 | 19.75 | 25.96 | 45.71 | OK | |
r-release-linux-x86_64 | 0.0.3 | 23.86 | 25.33 | 49.19 | OK | |
r-release-macos-arm64 | 0.0.3 | 22.00 | OK | |||
r-oldrel-macos-arm64 | 0.0.3 | 23.00 | OK | |||
r-oldrel-macos-x86_64 | 0.0.3 | 34.00 | OK |
Version: 0.0.3
Check: top-level files
Result: NOTE
‘configure’: /bin/bash is not portable
Flavors: r-devel-linux-x86_64-fedora-clang, r-devel-linux-x86_64-fedora-gcc