Last updated on 2024-05-07 13:52:01 CEST.
Flavor | Version | Tinstall | Tcheck | Ttotal | Status | Flags |
---|---|---|---|---|---|---|
r-devel-linux-x86_64-debian-clang | 0.3.7 | 48.17 | 79.63 | 127.80 | NOTE | |
r-devel-linux-x86_64-debian-gcc | 0.3.7 | 46.23 | 61.71 | 107.94 | NOTE | |
r-devel-linux-x86_64-fedora-clang | 0.3.7 | 170.85 | NOTE | |||
r-devel-linux-x86_64-fedora-gcc | 0.3.7 | 260.08 | NOTE | |||
r-devel-windows-x86_64 | 0.3.7 | 41.00 | 107.00 | 148.00 | NOTE | |
r-patched-linux-x86_64 | 0.3.7 | 55.73 | 76.18 | 131.91 | NOTE | |
r-release-linux-x86_64 | 0.3.7 | 55.55 | 78.81 | 134.36 | NOTE | |
r-release-macos-arm64 | 0.3.7 | 53.00 | NOTE | |||
r-release-windows-x86_64 | 0.3.7 | 39.00 | 109.00 | 148.00 | NOTE | |
r-oldrel-macos-arm64 | 0.3.7 | 57.00 | NOTE | |||
r-oldrel-macos-x86_64 | 0.3.7 | 92.00 | NOTE | |||
r-oldrel-windows-x86_64 | 0.3.7 | 48.00 | 117.00 | 165.00 | NOTE |
Version: 0.3.7
Check: C++ specification
Result: NOTE
Specified C++11: please drop specification unless essential
Flavors: r-devel-linux-x86_64-debian-clang, r-devel-linux-x86_64-debian-gcc, r-devel-linux-x86_64-fedora-clang, r-devel-linux-x86_64-fedora-gcc, r-devel-windows-x86_64, r-patched-linux-x86_64, r-release-linux-x86_64, r-release-macos-arm64, r-release-windows-x86_64, r-oldrel-macos-arm64, r-oldrel-macos-x86_64, r-oldrel-windows-x86_64
Version: 0.3.7
Check: installed package size
Result: NOTE
installed size is 9.3Mb
sub-directories of 1Mb or more:
libs 9.1Mb
Flavors: r-release-macos-arm64, r-oldrel-macos-arm64, r-oldrel-macos-x86_64