Last updated on 2024-05-07 17:50:17 CEST.
Flavor | Version | Tinstall | Tcheck | Ttotal | Status | Flags |
---|---|---|---|---|---|---|
r-devel-linux-x86_64-debian-clang | 2.1.0 | 1512.55 | 134.19 | 1646.74 | OK | |
r-devel-linux-x86_64-debian-gcc | 2.1.0 | 1183.30 | 98.18 | 1281.48 | OK | |
r-devel-linux-x86_64-fedora-clang | 2.1.0 | 2467.05 | NOTE | |||
r-devel-linux-x86_64-fedora-gcc | 2.1.0 | 2724.47 | OK | |||
r-devel-windows-x86_64 | 2.1.0 | 1237.00 | 209.00 | 1446.00 | NOTE | |
r-patched-linux-x86_64 | 2.1.0 | 1454.39 | 131.41 | 1585.80 | OK | |
r-release-linux-x86_64 | 2.1.0 | 1510.12 | 131.37 | 1641.49 | OK | |
r-release-macos-arm64 | 2.1.0 | 356.00 | NOTE | |||
r-release-windows-x86_64 | 2.1.0 | 1203.00 | 211.00 | 1414.00 | NOTE | |
r-oldrel-macos-arm64 | 2.1.0 | 378.00 | NOTE | |||
r-oldrel-macos-x86_64 | 2.1.0 | 320.00 | NOTE | |||
r-oldrel-windows-x86_64 | 2.1.0 | 1464.00 | 246.00 | 1710.00 | NOTE |
Version: 2.1.0
Check: installed package size
Result: NOTE
installed size is 5.6Mb
sub-directories of 1Mb or more:
libs 4.2Mb
Flavors: r-devel-linux-x86_64-fedora-clang, r-devel-windows-x86_64, r-release-macos-arm64, r-release-windows-x86_64, r-oldrel-macos-arm64, r-oldrel-macos-x86_64, r-oldrel-windows-x86_64