Last updated on 2024-05-07 06:11:49 CEST.
Flavor | Version | Tinstall | Tcheck | Ttotal | Status | Flags |
---|---|---|---|---|---|---|
r-devel-linux-x86_64-debian-clang | 3.10.3 | 30.50 | 170.29 | 200.79 | NOTE | |
r-devel-linux-x86_64-debian-gcc | 3.10.3 | 21.15 | 125.49 | 146.64 | NOTE | |
r-devel-linux-x86_64-fedora-clang | 3.10.3 | 244.99 | NOTE | |||
r-devel-linux-x86_64-fedora-gcc | 3.10.3 | 335.04 | NOTE | |||
r-devel-windows-x86_64 | 3.10.3 | 24.00 | 132.00 | 156.00 | NOTE | |
r-patched-linux-x86_64 | 3.10.3 | 0.48 | 2.00 | 2.48 | ERROR | |
r-release-linux-x86_64 | 3.10.3 | 17.75 | 162.24 | 179.99 | NOTE | |
r-release-macos-arm64 | 3.10.3 | 60.00 | NOTE | |||
r-release-windows-x86_64 | 3.10.3 | 21.00 | 134.00 | 155.00 | NOTE | |
r-oldrel-macos-arm64 | 3.10.3 | 75.00 | OK | |||
r-oldrel-macos-x86_64 | 3.10.3 | 142.00 | OK | |||
r-oldrel-windows-x86_64 | 3.10.3 | 30.00 | 168.00 | 198.00 | OK |
Version: 3.10.3
Check: Rd files
Result: NOTE
checkRd: (-1) hyper_names.Rd:37-38: Lost braces in \itemize; meant \describe ?
checkRd: (-1) hyper_names.Rd:39-41: Lost braces in \itemize; meant \describe ?
checkRd: (-1) hyper_names.Rd:42-44: Lost braces in \itemize; meant \describe ?
checkRd: (-1) hyper_names.Rd:45-47: Lost braces in \itemize; meant \describe ?
Flavors: r-devel-linux-x86_64-debian-clang, r-devel-linux-x86_64-debian-gcc, r-devel-linux-x86_64-fedora-clang, r-devel-linux-x86_64-fedora-gcc, r-devel-windows-x86_64, r-release-linux-x86_64, r-release-macos-arm64, r-release-windows-x86_64
Version: 3.10.3
Check: package dependencies
Result: ERROR
Package required but not available: ‘prophet’
See section ‘The DESCRIPTION file’ in the ‘Writing R Extensions’
manual.
Flavor: r-patched-linux-x86_64