Last updated on 2024-05-07 13:52:12 CEST.
Flavor | Version | Tinstall | Tcheck | Ttotal | Status | Flags |
---|---|---|---|---|---|---|
r-devel-linux-x86_64-debian-clang | 1.0.0 | 61.07 | 77.40 | 138.47 | NOTE | |
r-devel-linux-x86_64-debian-gcc | 1.0.0 | 44.67 | 58.79 | 103.46 | NOTE | |
r-devel-linux-x86_64-fedora-clang | 1.0.0 | 186.94 | NOTE | |||
r-devel-linux-x86_64-fedora-gcc | 1.0.0 | 274.66 | NOTE | |||
r-devel-windows-x86_64 | 1.0.0 | 48.00 | 115.00 | 163.00 | NOTE | |
r-patched-linux-x86_64 | 1.0.0 | 61.18 | 75.30 | 136.48 | NOTE | |
r-release-linux-x86_64 | 1.0.0 | 57.47 | 75.90 | 133.37 | NOTE | |
r-release-macos-arm64 | 1.0.0 | 49.00 | NOTE | |||
r-release-windows-x86_64 | 1.0.0 | 47.00 | 115.00 | 162.00 | NOTE | |
r-oldrel-macos-arm64 | 1.0.0 | 52.00 | NOTE | |||
r-oldrel-macos-x86_64 | 1.0.0 | 100.00 | NOTE | |||
r-oldrel-windows-x86_64 | 1.0.0 | 62.00 | 136.00 | 198.00 | OK |
Version: 1.0.0
Check: Rd files
Result: NOTE
checkRd: (-1) OTC.Rd:42: Lost braces; missing escapes or markup?
42 | discretizing R^{numbers of variables}. If NULL, it is estimating
| ^
checkRd: (-1) OTC.Rd:83: Lost braces; missing escapes or markup?
83 | discretizing R^{numbers of variables}. If NULL, it is estimating
| ^
checkRd: (-1) OTHist.Rd:29: Lost braces; missing escapes or markup?
29 | discretizing R^{numbers of variables}. If NULL, it is estimating
| ^
checkRd: (-1) dOTC.Rd:72: Lost braces; missing escapes or markup?
72 | discretizing R^{numbers of variables}. If NULL, it is estimating
| ^
Flavors: r-devel-linux-x86_64-debian-clang, r-devel-linux-x86_64-debian-gcc, r-devel-linux-x86_64-fedora-clang, r-devel-linux-x86_64-fedora-gcc, r-devel-windows-x86_64, r-patched-linux-x86_64, r-release-linux-x86_64, r-release-macos-arm64, r-release-windows-x86_64
Version: 1.0.0
Check: installed package size
Result: NOTE
installed size is 5.2Mb
sub-directories of 1Mb or more:
libs 3.9Mb
Flavors: r-release-macos-arm64, r-oldrel-macos-arm64, r-oldrel-macos-x86_64