Last updated on 2024-05-07 09:59:10 CEST.
Flavor | Version | Tinstall | Tcheck | Ttotal | Status | Flags |
---|---|---|---|---|---|---|
r-devel-linux-x86_64-debian-clang | 0.1.1 | 28.68 | 79.09 | 107.77 | NOTE | |
r-devel-linux-x86_64-debian-gcc | 0.1.1 | 21.45 | 59.13 | 80.58 | NOTE | |
r-devel-linux-x86_64-fedora-clang | 0.1.1 | 151.08 | NOTE | |||
r-devel-linux-x86_64-fedora-gcc | 0.1.1 | 228.28 | NOTE | |||
r-devel-windows-x86_64 | 0.1.1 | 23.00 | 90.00 | 113.00 | NOTE | |
r-patched-linux-x86_64 | 0.1.1 | 24.90 | 74.01 | 98.91 | NOTE | |
r-release-linux-x86_64 | 0.1.1 | 26.27 | 75.05 | 101.32 | NOTE | |
r-release-macos-arm64 | 0.1.1 | 37.00 | NOTE | |||
r-release-windows-x86_64 | 0.1.1 | 24.00 | 87.00 | 111.00 | NOTE | |
r-oldrel-macos-arm64 | 0.1.1 | 40.00 | NOTE | |||
r-oldrel-macos-x86_64 | 0.1.1 | 66.00 | NOTE | |||
r-oldrel-windows-x86_64 | 0.1.1 | 29.00 | 107.00 | 136.00 | NOTE |
Version: 0.1.1
Check: LazyData
Result: NOTE
'LazyData' is specified without a 'data' directory
Flavors: r-devel-linux-x86_64-debian-clang, r-devel-linux-x86_64-debian-gcc, r-devel-linux-x86_64-fedora-clang, r-devel-linux-x86_64-fedora-gcc, r-devel-windows-x86_64, r-patched-linux-x86_64, r-release-linux-x86_64, r-release-macos-arm64, r-release-windows-x86_64, r-oldrel-macos-arm64, r-oldrel-macos-x86_64, r-oldrel-windows-x86_64