Last updated on 2024-05-07 13:52:16 CEST.
Flavor | Version | Tinstall | Tcheck | Ttotal | Status | Flags |
---|---|---|---|---|---|---|
r-devel-linux-x86_64-debian-clang | 0.1.4 | 47.24 | 29.82 | 77.06 | NOTE | |
r-devel-linux-x86_64-debian-gcc | 0.1.4 | 40.46 | 23.13 | 63.59 | NOTE | |
r-devel-linux-x86_64-fedora-clang | 0.1.4 | 116.48 | NOTE | |||
r-devel-linux-x86_64-fedora-gcc | 0.1.4 | 165.85 | NOTE | |||
r-devel-windows-x86_64 | 0.1.4 | 42.00 | 67.00 | 109.00 | NOTE | |
r-patched-linux-x86_64 | 0.1.4 | 51.95 | 28.58 | 80.53 | NOTE | |
r-release-linux-x86_64 | 0.1.4 | 47.62 | 28.55 | 76.17 | NOTE | |
r-release-macos-arm64 | 0.1.4 | 29.00 | NOTE | |||
r-release-windows-x86_64 | 0.1.4 | 40.00 | 63.00 | 103.00 | NOTE | |
r-oldrel-macos-arm64 | 0.1.4 | 37.00 | NOTE | |||
r-oldrel-macos-x86_64 | 0.1.4 | 55.00 | NOTE | |||
r-oldrel-windows-x86_64 | 0.1.4 | 48.00 | 75.00 | 123.00 | NOTE |
Version: 0.1.4
Check: C++ specification
Result: NOTE
Specified C++11: please drop specification unless essential
Flavors: r-devel-linux-x86_64-debian-clang, r-devel-linux-x86_64-debian-gcc, r-devel-linux-x86_64-fedora-clang, r-devel-linux-x86_64-fedora-gcc, r-devel-windows-x86_64, r-patched-linux-x86_64, r-release-linux-x86_64, r-release-macos-arm64, r-release-windows-x86_64, r-oldrel-macos-arm64, r-oldrel-macos-x86_64, r-oldrel-windows-x86_64