Last updated on 2024-05-07 06:11:52 CEST.
Flavor | Version | Tinstall | Tcheck | Ttotal | Status | Flags |
---|---|---|---|---|---|---|
r-devel-linux-x86_64-debian-clang | 0.0.9 | 19.86 | 42.57 | 62.43 | NOTE | |
r-devel-linux-x86_64-debian-gcc | 0.0.9 | 14.73 | 32.23 | 46.96 | NOTE | |
r-devel-linux-x86_64-fedora-clang | 0.0.9 | 98.38 | NOTE | |||
r-devel-linux-x86_64-fedora-gcc | 0.0.9 | 133.19 | NOTE | |||
r-devel-windows-x86_64 | 0.0.9 | 21.00 | 76.00 | 97.00 | NOTE | |
r-patched-linux-x86_64 | 0.0.9 | 21.83 | 41.33 | 63.16 | NOTE | |
r-release-linux-x86_64 | 0.0.9 | 22.48 | 42.41 | 64.89 | NOTE | |
r-release-macos-arm64 | 0.0.9 | 28.00 | NOTE | |||
r-release-windows-x86_64 | 0.0.9 | 21.00 | 73.00 | 94.00 | NOTE | |
r-oldrel-macos-arm64 | 0.0.9 | 31.00 | NOTE | |||
r-oldrel-macos-x86_64 | 0.0.9 | 47.00 | NOTE | |||
r-oldrel-windows-x86_64 | 0.0.9 | 24.00 | 83.00 | 107.00 | NOTE |
Version: 0.0.9
Check: C++ specification
Result: NOTE
Specified C++11: please drop specification unless essential
Flavors: r-devel-linux-x86_64-debian-clang, r-devel-linux-x86_64-debian-gcc, r-devel-linux-x86_64-fedora-clang, r-devel-linux-x86_64-fedora-gcc, r-devel-windows-x86_64, r-patched-linux-x86_64, r-release-linux-x86_64, r-release-macos-arm64, r-release-windows-x86_64, r-oldrel-macos-arm64, r-oldrel-macos-x86_64, r-oldrel-windows-x86_64