Last updated on 2024-05-08 01:48:26 CEST.
Flavor | Version | Tinstall | Tcheck | Ttotal | Status | Flags |
---|---|---|---|---|---|---|
r-devel-linux-x86_64-debian-clang | 1.0 | 23.73 | 34.63 | 58.36 | NOTE | |
r-devel-linux-x86_64-debian-gcc | 1.0 | 18.16 | 26.00 | 44.16 | NOTE | |
r-devel-linux-x86_64-fedora-clang | 1.0 | 79.68 | NOTE | |||
r-devel-linux-x86_64-fedora-gcc | 1.0 | 118.66 | NOTE | |||
r-devel-windows-x86_64 | 1.0 | 20.00 | 68.00 | 88.00 | NOTE | |
r-patched-linux-x86_64 | 1.0 | 22.54 | 32.82 | 55.36 | NOTE | |
r-release-linux-x86_64 | 1.0 | 22.65 | 33.45 | 56.10 | NOTE | |
r-release-macos-arm64 | 1.0 | 22.00 | NOTE | |||
r-release-windows-x86_64 | 1.0 | 21.00 | 68.00 | 89.00 | NOTE | |
r-oldrel-macos-arm64 | 1.0 | 26.00 | NOTE | |||
r-oldrel-macos-x86_64 | 1.0 | 40.00 | NOTE | |||
r-oldrel-windows-x86_64 | 1.0 | 22.00 | 75.00 | 97.00 | NOTE |
Version: 1.0
Check: C++ specification
Result: NOTE
Specified C++11: please drop specification unless essential
Flavors: r-devel-linux-x86_64-debian-clang, r-devel-linux-x86_64-debian-gcc, r-devel-linux-x86_64-fedora-clang, r-devel-linux-x86_64-fedora-gcc, r-devel-windows-x86_64, r-patched-linux-x86_64, r-release-linux-x86_64, r-release-macos-arm64, r-release-windows-x86_64, r-oldrel-macos-arm64, r-oldrel-macos-x86_64, r-oldrel-windows-x86_64
Version: 1.0
Check: for GNU extensions in Makefiles
Result: NOTE
GNU make is a SystemRequirements.
Flavors: r-devel-linux-x86_64-debian-clang, r-devel-linux-x86_64-debian-gcc, r-devel-linux-x86_64-fedora-clang, r-devel-linux-x86_64-fedora-gcc, r-devel-windows-x86_64, r-patched-linux-x86_64, r-release-linux-x86_64, r-release-macos-arm64, r-release-windows-x86_64, r-oldrel-macos-arm64, r-oldrel-macos-x86_64, r-oldrel-windows-x86_64