Last updated on 2024-05-05 21:49:40 CEST.
Flavor | Version | Tinstall | Tcheck | Ttotal | Status | Flags |
---|---|---|---|---|---|---|
r-devel-linux-x86_64-debian-clang | 1.6.7 | 117.53 | 109.72 | 227.25 | NOTE | |
r-devel-linux-x86_64-debian-gcc | 1.6.7 | 85.13 | 76.12 | 161.25 | NOTE | |
r-devel-linux-x86_64-fedora-clang | 1.6.7 | 311.17 | NOTE | |||
r-devel-linux-x86_64-fedora-gcc | 1.6.7 | 304.45 | NOTE | |||
r-devel-windows-x86_64 | 1.6.7 | 87.00 | 112.00 | 199.00 | NOTE | |
r-patched-linux-x86_64 | 1.6.7 | 111.61 | 102.94 | 214.55 | NOTE | |
r-release-linux-x86_64 | 1.6.7 | 100.85 | 100.32 | 201.17 | NOTE | |
r-release-macos-arm64 | 1.6.7 | 61.00 | NOTE | |||
r-release-windows-x86_64 | 1.6.7 | 87.00 | 109.00 | 196.00 | NOTE | |
r-oldrel-macos-arm64 | 1.6.7 | 78.00 | OK | |||
r-oldrel-macos-x86_64 | 1.6.7 | 117.00 | OK | |||
r-oldrel-windows-x86_64 | 1.6.7 | 107.00 | 132.00 | 239.00 | OK |
Version: 1.6.7
Check: Rd files
Result: NOTE
checkRd: (-1) landmarkMatrixToList.Rd:10: Lost braces
10 | \item{semilandmark.pattern}{a regular expression pattern passed to \code{sub()} for identifying and grouping curve points. The default is landmark names ending in one or more numbers. To disable grouping, set to code{''}.}
| ^
Flavors: r-devel-linux-x86_64-debian-clang, r-devel-linux-x86_64-debian-gcc, r-devel-linux-x86_64-fedora-clang, r-devel-linux-x86_64-fedora-gcc, r-devel-windows-x86_64, r-patched-linux-x86_64, r-release-linux-x86_64, r-release-macos-arm64, r-release-windows-x86_64