Last updated on 2024-05-07 06:11:53 CEST.
Flavor | Version | Tinstall | Tcheck | Ttotal | Status | Flags |
---|---|---|---|---|---|---|
r-devel-linux-x86_64-debian-clang | 0.1.1 | 11.47 | 119.02 | 130.49 | OK | |
r-devel-linux-x86_64-debian-gcc | 0.1.1 | 10.00 | 87.55 | 97.55 | OK | |
r-devel-linux-x86_64-fedora-clang | 0.1.1 | 162.61 | NOTE | |||
r-devel-linux-x86_64-fedora-gcc | 0.1.1 | 211.36 | NOTE | |||
r-devel-windows-x86_64 | 0.1.1 | 13.00 | 100.00 | 113.00 | OK | |
r-patched-linux-x86_64 | 0.1.1 | 12.93 | 113.72 | 126.65 | OK | |
r-release-linux-x86_64 | 0.1.1 | 11.36 | 115.40 | 126.76 | OK | |
r-release-macos-arm64 | 0.1.1 | 50.00 | OK | |||
r-release-windows-x86_64 | 0.1.1 | 14.00 | 99.00 | 113.00 | OK | |
r-oldrel-macos-arm64 | 0.1.1 | 57.00 | OK | |||
r-oldrel-macos-x86_64 | 0.1.1 | 82.00 | OK | |||
r-oldrel-windows-x86_64 | 0.1.1 | 16.00 | 126.00 | 142.00 | OK |
Version: 0.1.1
Check: dependencies in R code
Result: NOTE
Namespace in Imports field not imported from: ‘readr’
All declared Imports should be used.
Flavors: r-devel-linux-x86_64-fedora-clang, r-devel-linux-x86_64-fedora-gcc