Last updated on 2024-05-08 01:48:29 CEST.
Flavor | Version | Tinstall | Tcheck | Ttotal | Status | Flags |
---|---|---|---|---|---|---|
r-devel-linux-x86_64-debian-clang | 0.1.0 | 1.97 | 28.04 | 30.01 | NOTE | |
r-devel-linux-x86_64-debian-gcc | 0.1.0 | 2.17 | 21.76 | 23.93 | NOTE | |
r-devel-linux-x86_64-fedora-clang | 0.1.0 | 38.78 | NOTE | |||
r-devel-linux-x86_64-fedora-gcc | 0.1.0 | 42.76 | NOTE | |||
r-devel-windows-x86_64 | 0.1.0 | 3.00 | 91.00 | 94.00 | NOTE | |
r-patched-linux-x86_64 | 0.1.0 | 3.03 | 26.78 | 29.81 | NOTE | |
r-release-linux-x86_64 | 0.1.0 | 2.24 | 26.92 | 29.16 | NOTE | |
r-release-macos-arm64 | 0.1.0 | 16.00 | NOTE | |||
r-release-windows-x86_64 | 0.1.0 | 3.00 | 43.00 | 46.00 | NOTE | |
r-oldrel-macos-arm64 | 0.1.0 | 18.00 | NOTE | |||
r-oldrel-macos-x86_64 | 0.1.0 | 22.00 | NOTE | |||
r-oldrel-windows-x86_64 | 0.1.0 | 3.00 | 45.00 | 48.00 | NOTE |
Version: 0.1.0
Check: LazyData
Result: NOTE
'LazyData' is specified without a 'data' directory
Flavors: r-devel-linux-x86_64-debian-clang, r-devel-linux-x86_64-debian-gcc, r-devel-linux-x86_64-fedora-clang, r-devel-linux-x86_64-fedora-gcc, r-devel-windows-x86_64, r-patched-linux-x86_64, r-release-linux-x86_64, r-release-macos-arm64, r-release-windows-x86_64, r-oldrel-macos-arm64, r-oldrel-macos-x86_64, r-oldrel-windows-x86_64