Last updated on 2024-05-08 01:48:29 CEST.
Flavor | Version | Tinstall | Tcheck | Ttotal | Status | Flags |
---|---|---|---|---|---|---|
r-devel-linux-x86_64-debian-clang | 0.1.0 | 14.26 | 104.29 | 118.55 | OK | |
r-devel-linux-x86_64-debian-gcc | 0.1.0 | 9.78 | 75.11 | 84.89 | OK | |
r-devel-linux-x86_64-fedora-clang | 0.1.0 | 143.32 | NOTE | |||
r-devel-linux-x86_64-fedora-gcc | 0.1.0 | 190.47 | NOTE | |||
r-devel-windows-x86_64 | 0.1.0 | 11.00 | 108.00 | 119.00 | OK | |
r-patched-linux-x86_64 | 0.1.0 | 12.80 | 94.81 | 107.61 | OK | |
r-release-linux-x86_64 | 0.1.0 | 12.34 | 95.35 | 107.69 | OK | |
r-release-macos-arm64 | 0.1.0 | 41.00 | OK | |||
r-release-windows-x86_64 | 0.1.0 | 12.00 | 103.00 | 115.00 | OK | |
r-oldrel-macos-arm64 | 0.1.0 | 43.00 | OK | |||
r-oldrel-macos-x86_64 | 0.1.0 | 102.00 | OK | |||
r-oldrel-windows-x86_64 | 0.1.0 | 14.00 | 123.00 | 137.00 | OK |
Version: 0.1.0
Check: data for non-ASCII characters
Result: NOTE
Note: found 1 marked UTF-8 string
Flavors: r-devel-linux-x86_64-fedora-clang, r-devel-linux-x86_64-fedora-gcc