Last updated on 2024-05-05 21:49:43 CEST.
Flavor | Version | Tinstall | Tcheck | Ttotal | Status | Flags |
---|---|---|---|---|---|---|
r-devel-linux-x86_64-debian-clang | 0.3.0 | 3.64 | 55.26 | 58.90 | NOTE | |
r-devel-linux-x86_64-debian-gcc | 0.3.0 | 2.76 | 43.47 | 46.23 | NOTE | |
r-devel-linux-x86_64-fedora-clang | 0.3.0 | 80.73 | NOTE | |||
r-devel-linux-x86_64-fedora-gcc | 0.3.0 | 91.25 | NOTE | |||
r-devel-windows-x86_64 | 0.3.0 | 4.00 | 220.00 | 224.00 | NOTE | |
r-patched-linux-x86_64 | 0.3.0 | 3.76 | 55.36 | 59.12 | NOTE | |
r-release-linux-x86_64 | 0.3.0 | 2.48 | 55.01 | 57.49 | NOTE | |
r-release-macos-arm64 | 0.3.0 | 63.00 | NOTE | |||
r-release-macos-x86_64 | 0.3.0 | 104.00 | NOTE | |||
r-release-windows-x86_64 | 0.3.0 | 4.00 | 182.00 | 186.00 | NOTE | |
r-oldrel-macos-arm64 | 0.3.0 | 6.00 | ERROR | |||
r-oldrel-macos-x86_64 | 0.3.0 | 125.00 | NOTE | |||
r-oldrel-windows-x86_64 | 0.3.0 | 5.00 | 212.00 | 217.00 | NOTE |
Version: 0.3.0
Check: package subdirectories
Result: NOTE
Problems with news in ‘NEWS.md’:
No news entries found.
Flavors: r-devel-linux-x86_64-debian-clang, r-devel-linux-x86_64-debian-gcc, r-devel-linux-x86_64-fedora-clang, r-devel-linux-x86_64-fedora-gcc, r-devel-windows-x86_64, r-patched-linux-x86_64, r-release-linux-x86_64, r-release-macos-arm64, r-release-macos-x86_64, r-release-windows-x86_64, r-oldrel-macos-x86_64, r-oldrel-windows-x86_64
Version: 0.3.0
Check: package dependencies
Result: ERROR
Package required but not available: ‘snpStats’
See section ‘The DESCRIPTION file’ in the ‘Writing R Extensions’
manual.
Flavor: r-oldrel-macos-arm64