Last updated on 2024-05-07 13:52:25 CEST.
Flavor | Version | Tinstall | Tcheck | Ttotal | Status | Flags |
---|---|---|---|---|---|---|
r-devel-linux-x86_64-debian-clang | 0.0-3 | 64.15 | 77.89 | 142.04 | NOTE | |
r-devel-linux-x86_64-debian-gcc | 0.0-3 | 47.54 | 59.46 | 107.00 | NOTE | |
r-devel-linux-x86_64-fedora-clang | 0.0-3 | 181.54 | NOTE | |||
r-devel-linux-x86_64-fedora-gcc | 0.0-3 | 244.42 | NOTE | |||
r-devel-windows-x86_64 | 0.0-3 | 45.00 | 95.00 | 140.00 | NOTE | |
r-patched-linux-x86_64 | 0.0-3 | 62.18 | 74.08 | 136.26 | NOTE | |
r-release-linux-x86_64 | 0.0-3 | 53.43 | 76.09 | 129.52 | NOTE | |
r-release-macos-arm64 | 0.0-3 | 46.00 | NOTE | |||
r-release-windows-x86_64 | 0.0-3 | 44.00 | 91.00 | 135.00 | NOTE | |
r-oldrel-macos-arm64 | 0.0-3 | 59.00 | NOTE | |||
r-oldrel-macos-x86_64 | 0.0-3 | 87.00 | NOTE | |||
r-oldrel-windows-x86_64 | 0.0-3 | 56.00 | 112.00 | 168.00 | NOTE |
Version: 0.0-3
Check: C++ specification
Result: NOTE
Specified C++11: please drop specification unless essential
Flavors: r-devel-linux-x86_64-debian-clang, r-devel-linux-x86_64-debian-gcc, r-devel-linux-x86_64-fedora-clang, r-devel-linux-x86_64-fedora-gcc, r-devel-windows-x86_64, r-patched-linux-x86_64, r-release-linux-x86_64, r-release-macos-arm64, r-release-windows-x86_64, r-oldrel-macos-arm64, r-oldrel-macos-x86_64, r-oldrel-windows-x86_64
Version: 0.0-3
Check: installed package size
Result: NOTE
installed size is 5.3Mb
sub-directories of 1Mb or more:
libs 5.1Mb
Flavor: r-oldrel-macos-arm64