Last updated on 2024-05-07 21:48:45 CEST.
Flavor | Version | Tinstall | Tcheck | Ttotal | Status | Flags |
---|---|---|---|---|---|---|
r-devel-linux-x86_64-debian-clang | 0.1.2 | 1.78 | 27.51 | 29.29 | OK | |
r-devel-linux-x86_64-debian-gcc | 0.1.2 | 1.93 | 21.60 | 23.53 | OK | |
r-devel-linux-x86_64-fedora-clang | 0.1.2 | 38.78 | NOTE | |||
r-devel-linux-x86_64-fedora-gcc | 0.1.2 | 42.38 | OK | |||
r-devel-windows-x86_64 | 0.1.2 | 3.00 | 45.00 | 48.00 | OK | |
r-patched-linux-x86_64 | 0.1.2 | 2.98 | 27.09 | 30.07 | OK | |
r-release-linux-x86_64 | 0.1.2 | 2.60 | 27.31 | 29.91 | OK | |
r-release-macos-arm64 | 0.1.2 | 16.00 | OK | |||
r-release-windows-x86_64 | 0.1.2 | 3.00 | 43.00 | 46.00 | OK | |
r-oldrel-macos-arm64 | 0.1.2 | 19.00 | OK | |||
r-oldrel-macos-x86_64 | 0.1.2 | 27.00 | OK | |||
r-oldrel-windows-x86_64 | 0.1.2 | 3.00 | 46.00 | 49.00 | OK |
Version: 0.1.2
Check: Rd cross-references
Result: NOTE
Undeclared package ‘rms’ in Rd xrefs
Flavor: r-devel-linux-x86_64-fedora-clang