Last updated on 2024-04-27 22:21:54 CEST.
Flavor | Version | Tinstall | Tcheck | Ttotal | Status | Flags |
---|---|---|---|---|---|---|
r-devel-linux-x86_64-debian-clang | 0.1 | 3.67 | 35.43 | 39.10 | NOTE | |
r-devel-linux-x86_64-debian-gcc | 0.1 | 3.67 | 27.93 | 31.60 | NOTE | |
r-devel-linux-x86_64-fedora-clang | 0.1 | 50.55 | NOTE | |||
r-devel-linux-x86_64-fedora-gcc | 0.1 | 50.03 | NOTE | |||
r-devel-windows-x86_64 | 0.1 | 6.00 | 58.00 | 64.00 | NOTE | |
r-patched-linux-x86_64 | 0.1 | 4.63 | 35.27 | 39.90 | NOTE | |
r-release-linux-x86_64 | 0.1 | 4.71 | 34.23 | 38.94 | NOTE | |
r-release-macos-arm64 | 0.1 | 21.00 | NOTE | |||
r-release-windows-x86_64 | 0.1 | 7.00 | 55.00 | 62.00 | NOTE | |
r-oldrel-macos-arm64 | 0.1 | 23.00 | NOTE | |||
r-oldrel-macos-x86_64 | 0.1 | 34.00 | NOTE | |||
r-oldrel-windows-x86_64 | 0.1 | 6.00 | 57.00 | 63.00 | NOTE |
Version: 0.1
Check: LazyData
Result: NOTE
'LazyData' is specified without a 'data' directory
Flavors: r-devel-linux-x86_64-debian-clang, r-devel-linux-x86_64-debian-gcc, r-devel-linux-x86_64-fedora-clang, r-devel-linux-x86_64-fedora-gcc, r-devel-windows-x86_64, r-patched-linux-x86_64, r-release-linux-x86_64, r-release-macos-arm64, r-release-windows-x86_64, r-oldrel-macos-arm64, r-oldrel-macos-x86_64, r-oldrel-windows-x86_64