Last updated on 2024-05-07 06:11:56 CEST.
Flavor | Version | Tinstall | Tcheck | Ttotal | Status | Flags |
---|---|---|---|---|---|---|
r-devel-linux-x86_64-debian-clang | 1.14-2 | 5.70 | 37.14 | 42.84 | OK | |
r-devel-linux-x86_64-debian-gcc | 1.14-2 | 3.98 | 27.61 | 31.59 | OK | |
r-devel-linux-x86_64-fedora-clang | 1.14-2 | 51.78 | NOTE | |||
r-devel-linux-x86_64-fedora-gcc | 1.14-2 | 53.96 | NOTE | |||
r-devel-windows-x86_64 | 1.14-2 | 4.00 | 50.00 | 54.00 | OK | |
r-patched-linux-x86_64 | 1.14-2 | 4.16 | 35.26 | 39.42 | OK | |
r-release-linux-x86_64 | 1.14-2 | 3.99 | 35.40 | 39.39 | OK | |
r-release-macos-arm64 | 1.14-2 | 17.00 | OK | |||
r-release-macos-x86_64 | 1.14-2 | 38.00 | OK | |||
r-release-windows-x86_64 | 1.14-2 | 6.00 | 49.00 | 55.00 | OK | |
r-oldrel-macos-arm64 | 1.14-2 | 24.00 | OK | |||
r-oldrel-macos-x86_64 | 1.14-2 | 34.00 | OK | |||
r-oldrel-windows-x86_64 | 1.14-2 | 6.00 | 53.00 | 59.00 | OK |
Version: 1.14-2
Check: data for non-ASCII characters
Result: NOTE
Note: found 2 marked UTF-8 strings
Flavors: r-devel-linux-x86_64-fedora-clang, r-devel-linux-x86_64-fedora-gcc