Last updated on 2024-05-07 13:52:26 CEST.
Flavor | Version | Tinstall | Tcheck | Ttotal | Status | Flags |
---|---|---|---|---|---|---|
r-devel-linux-x86_64-debian-clang | 4.0.4 | 1.44 | 19.85 | 21.29 | OK | |
r-devel-linux-x86_64-debian-gcc | 4.0.4 | 1.39 | 15.29 | 16.68 | OK | |
r-devel-linux-x86_64-fedora-clang | 4.0.4 | 27.47 | NOTE | |||
r-devel-linux-x86_64-fedora-gcc | 4.0.4 | 29.43 | NOTE | |||
r-devel-windows-x86_64 | 4.0.4 | 2.00 | 38.00 | 40.00 | OK | |
r-patched-linux-x86_64 | 4.0.4 | 2.03 | 19.05 | 21.08 | OK | |
r-release-linux-x86_64 | 4.0.4 | 1.94 | 18.79 | 20.73 | OK | |
r-release-macos-arm64 | 4.0.4 | 15.00 | OK | |||
r-release-windows-x86_64 | 4.0.4 | 2.00 | 37.00 | 39.00 | OK | |
r-oldrel-macos-arm64 | 4.0.4 | 15.00 | OK | |||
r-oldrel-macos-x86_64 | 4.0.4 | 17.00 | OK | |||
r-oldrel-windows-x86_64 | 4.0.4 | 3.00 | 35.00 | 38.00 | OK |
Version: 4.0.4
Check: dependencies in R code
Result: NOTE
Namespace in Imports field not imported from: ‘lubridate’
All declared Imports should be used.
Flavors: r-devel-linux-x86_64-fedora-clang, r-devel-linux-x86_64-fedora-gcc