Last updated on 2024-05-07 09:58:46 CEST.
Flavor | Version | Tinstall | Tcheck | Ttotal | Status | Flags |
---|---|---|---|---|---|---|
r-devel-linux-x86_64-debian-clang | 0.1.1 | 2.31 | 22.91 | 25.22 | OK | |
r-devel-linux-x86_64-debian-gcc | 0.1.1 | 1.72 | 17.79 | 19.51 | OK | |
r-devel-linux-x86_64-fedora-clang | 0.1.1 | 32.25 | NOTE | |||
r-devel-linux-x86_64-fedora-gcc | 0.1.1 | 34.64 | NOTE | |||
r-devel-windows-x86_64 | 0.1.1 | 3.00 | 47.00 | 50.00 | OK | |
r-patched-linux-x86_64 | 0.1.1 | 2.32 | 22.30 | 24.62 | OK | |
r-release-linux-x86_64 | 0.1.1 | 1.92 | 21.79 | 23.71 | OK | |
r-release-macos-arm64 | 0.1.1 | 15.00 | OK | |||
r-release-windows-x86_64 | 0.1.1 | 4.00 | 40.00 | 44.00 | OK | |
r-oldrel-macos-arm64 | 0.1.1 | 15.00 | OK | |||
r-oldrel-macos-x86_64 | 0.1.1 | 21.00 | OK | |||
r-oldrel-windows-x86_64 | 0.1.1 | 3.00 | 39.00 | 42.00 | OK |
Version: 0.1.1
Check: dependencies in R code
Result: NOTE
Namespace in Imports field not imported from: ‘MASS’
All declared Imports should be used.
Flavors: r-devel-linux-x86_64-fedora-clang, r-devel-linux-x86_64-fedora-gcc