Last updated on 2024-05-08 01:48:07 CEST.
Flavor | Version | Tinstall | Tcheck | Ttotal | Status | Flags |
---|---|---|---|---|---|---|
r-devel-linux-x86_64-debian-clang | 0.3.1 | 5.65 | 94.44 | 100.09 | NOTE | |
r-devel-linux-x86_64-debian-gcc | 0.3.1 | 4.62 | 67.50 | 72.12 | NOTE | |
r-devel-linux-x86_64-fedora-clang | 0.3.1 | 122.47 | NOTE | |||
r-devel-linux-x86_64-fedora-gcc | 0.3.1 | 157.37 | NOTE | |||
r-devel-windows-x86_64 | 0.3.1 | 8.00 | 104.00 | 112.00 | NOTE | |
r-patched-linux-x86_64 | 0.3.1 | 5.99 | 88.53 | 94.52 | NOTE | |
r-release-linux-x86_64 | 0.3.1 | 4.09 | 88.28 | 92.37 | NOTE | |
r-release-macos-arm64 | 0.3.1 | 49.00 | NOTE | |||
r-release-windows-x86_64 | 0.3.1 | 8.00 | 102.00 | 110.00 | NOTE | |
r-oldrel-macos-arm64 | 0.3.1 | 53.00 | OK | |||
r-oldrel-macos-x86_64 | 0.3.1 | 77.00 | OK | |||
r-oldrel-windows-x86_64 | 0.3.1 | 8.00 | 111.00 | 119.00 | OK |
Version: 0.3.1
Check: Rd files
Result: NOTE
checkRd: (-1) bind_tweets.Rd:21: Lost braces in \itemize; meant \describe ?
checkRd: (-1) bind_tweets.Rd:22: Lost braces in \itemize; meant \describe ?
Flavors: r-devel-linux-x86_64-debian-clang, r-devel-linux-x86_64-debian-gcc, r-devel-linux-x86_64-fedora-clang, r-devel-linux-x86_64-fedora-gcc, r-devel-windows-x86_64, r-patched-linux-x86_64, r-release-linux-x86_64, r-release-macos-arm64, r-release-windows-x86_64