Last updated on 2024-05-07 09:58:46 CEST.
Flavor | Version | Tinstall | Tcheck | Ttotal | Status | Flags |
---|---|---|---|---|---|---|
r-devel-linux-x86_64-debian-clang | 1.0 | 78.65 | 85.39 | 164.04 | OK | |
r-devel-linux-x86_64-debian-gcc | 1.0 | 55.45 | 61.56 | 117.01 | OK | |
r-devel-linux-x86_64-fedora-clang | 1.0 | 201.96 | OK | |||
r-devel-linux-x86_64-fedora-gcc | 1.0 | 262.62 | OK | |||
r-devel-windows-x86_64 | 1.0 | 54.00 | 90.00 | 144.00 | OK | |
r-patched-linux-x86_64 | 1.0 | 60.42 | 79.21 | 139.63 | OK | |
r-release-linux-x86_64 | 1.0 | 71.42 | 80.41 | 151.83 | OK | |
r-release-macos-arm64 | 1.0 | 54.00 | NOTE | |||
r-release-windows-x86_64 | 1.0 | 53.00 | 94.00 | 147.00 | OK | |
r-oldrel-macos-arm64 | 1.0 | 60.00 | NOTE | |||
r-oldrel-macos-x86_64 | 1.0 | 99.00 | NOTE | |||
r-oldrel-windows-x86_64 | 1.0 | 67.00 | 110.00 | 177.00 | OK |
Version: 1.0
Check: installed package size
Result: NOTE
installed size is 6.3Mb
sub-directories of 1Mb or more:
libs 6.1Mb
Flavors: r-release-macos-arm64, r-oldrel-macos-arm64, r-oldrel-macos-x86_64