Last updated on 2024-05-07 09:58:46 CEST.
Flavor | Version | Tinstall | Tcheck | Ttotal | Status | Flags |
---|---|---|---|---|---|---|
r-devel-linux-x86_64-debian-clang | 1.0.2 | 7.79 | 63.44 | 71.23 | OK | |
r-devel-linux-x86_64-debian-gcc | 1.0.2 | 5.44 | 47.42 | 52.86 | OK | |
r-devel-linux-x86_64-fedora-clang | 1.0.2 | 60.25 | NOTE | |||
r-devel-linux-x86_64-fedora-gcc | 1.0.2 | 158.92 | OK | |||
r-devel-windows-x86_64 | 1.0.2 | 7.00 | 78.00 | 85.00 | OK | |
r-patched-linux-x86_64 | 1.0.2 | 8.00 | 58.57 | 66.57 | OK | |
r-release-linux-x86_64 | 1.0.2 | 7.74 | 61.42 | 69.16 | OK | |
r-release-macos-arm64 | 1.0.2 | 36.00 | OK | |||
r-release-windows-x86_64 | 1.0.2 | 7.00 | 78.00 | 85.00 | OK | |
r-oldrel-macos-arm64 | 1.0.2 | 46.00 | OK | |||
r-oldrel-macos-x86_64 | 1.0.2 | 85.00 | OK | |||
r-oldrel-windows-x86_64 | 1.0.2 | 7.00 | 83.00 | 90.00 | OK |
Version: 1.0.2
Check: Rd cross-references
Result: NOTE
Undeclared package ‘era’ in Rd xrefs
Flavor: r-devel-linux-x86_64-fedora-clang