Last updated on 2024-05-08 01:48:07 CEST.
Flavor | Version | Tinstall | Tcheck | Ttotal | Status | Flags |
---|---|---|---|---|---|---|
r-devel-linux-x86_64-debian-clang | 0.1.3 | 5.67 | 51.20 | 56.87 | OK | |
r-devel-linux-x86_64-debian-gcc | 0.1.3 | 4.57 | 39.70 | 44.27 | OK | |
r-devel-linux-x86_64-fedora-clang | 0.1.3 | 73.26 | NOTE | |||
r-devel-linux-x86_64-fedora-gcc | 0.1.3 | 101.80 | NOTE | |||
r-devel-windows-x86_64 | 0.1.3 | 6.00 | 60.00 | 66.00 | OK | |
r-patched-linux-x86_64 | 0.1.3 | 4.58 | 50.56 | 55.14 | OK | |
r-release-linux-x86_64 | 0.1.3 | 5.32 | 50.57 | 55.89 | OK | |
r-release-macos-arm64 | 0.1.3 | 31.00 | OK | |||
r-release-windows-x86_64 | 0.1.3 | 7.00 | 60.00 | 67.00 | OK | |
r-oldrel-macos-arm64 | 0.1.3 | 31.00 | OK | |||
r-oldrel-macos-x86_64 | 0.1.3 | 47.00 | OK | |||
r-oldrel-windows-x86_64 | 0.1.3 | 8.00 | 63.00 | 71.00 | OK |
Version: 0.1.3
Check: data for non-ASCII characters
Result: NOTE
Note: found 710 marked UTF-8 strings
Flavors: r-devel-linux-x86_64-fedora-clang, r-devel-linux-x86_64-fedora-gcc