Last updated on 2024-05-08 01:48:07 CEST.
Flavor | Version | Tinstall | Tcheck | Ttotal | Status | Flags |
---|---|---|---|---|---|---|
r-devel-linux-x86_64-debian-clang | 0.3.5 | 7.83 | 79.86 | 87.69 | NOTE | |
r-devel-linux-x86_64-debian-gcc | 0.3.5 | 6.48 | 59.23 | 65.71 | NOTE | |
r-devel-linux-x86_64-fedora-clang | 0.3.5 | 110.93 | NOTE | |||
r-devel-linux-x86_64-fedora-gcc | 0.3.5 | 168.29 | NOTE | |||
r-devel-windows-x86_64 | 0.3.5 | 10.00 | 76.00 | 86.00 | NOTE | |
r-patched-linux-x86_64 | 0.3.5 | 7.13 | 77.49 | 84.62 | NOTE | |
r-release-linux-x86_64 | 0.3.5 | 5.13 | 74.04 | 79.17 | NOTE | |
r-release-macos-arm64 | 0.3.5 | 40.00 | NOTE | |||
r-release-windows-x86_64 | 0.3.5 | 8.00 | 75.00 | 83.00 | NOTE | |
r-oldrel-macos-arm64 | 0.3.5 | 33.00 | NOTE | |||
r-oldrel-macos-x86_64 | 0.3.5 | 49.00 | NOTE | |||
r-oldrel-windows-x86_64 | 0.3.5 | 11.00 | 84.00 | 95.00 | NOTE |
Version: 0.3.5
Check: LazyData
Result: NOTE
'LazyData' is specified without a 'data' directory
Flavors: r-devel-linux-x86_64-debian-clang, r-devel-linux-x86_64-debian-gcc, r-devel-linux-x86_64-fedora-clang, r-devel-linux-x86_64-fedora-gcc, r-devel-windows-x86_64, r-patched-linux-x86_64, r-release-linux-x86_64, r-release-macos-arm64, r-release-windows-x86_64, r-oldrel-macos-arm64, r-oldrel-macos-x86_64, r-oldrel-windows-x86_64